) - l/(-20) a composite number?
False
Let x = 20753 - -42446. Is x a prime number?
True
Let b = 76 + -88. Let f be b*(4/(-18))/(8/(-18)). Is (-3 + 2934)*(-4)/f a prime number?
False
Let k be (-1)/(-3) - (-55)/15. Suppose -2*a + k*a = 776. Let m = a - -1971. Is m a composite number?
True
Let s be (-2 - 2)*(27/(-6))/9. Suppose -s*x - 28 = -6*x. Suppose 0 = 2*o - x*o + 7015. Is o a prime number?
False
Suppose 4*r = 3*m + 37, 2*r - m - 31 = -2*m. Suppose -10*p - 33 = -r*p. Is p composite?
False
Let u be 70/28 - 3/(-2). Suppose -20 = -5*p, -u*p = t + 4 - 24. Suppose -t*h - 248 = -4*k, 5*k - 322 = -h + 2*h. Is k a composite number?
True
Suppose 3*w = 4*y + 262351, -6*w - y + 2*y + 524695 = 0. Is w a composite number?
True
Suppose -2*m + 537825 = 5*q, -q + 103*m = 99*m - 107543. Is q a composite number?
False
Suppose 2*k - 1481687 = -5*g, 522*g - 521*g - 296327 = -3*k. Is g a prime number?
False
Suppose 12*t = 14*t + d - 410376, 2 = d. Is t a prime number?
True
Suppose 2*k - 7*k = 5*u + 9930, -3*u + 1986 = -k. Let b = 3509 - k. Suppose 0 = -l - 4*l + b. Is l composite?
True
Suppose -27*p + 211266 = -5*p. Let o = -5000 + p. Is o a prime number?
True
Let b(v) = -v**3 - 4*v**2 + 13*v - 1. Let x be b(-6). Let h(i) = 207*i. Let g(c) = 104*c + 1. Let s(p) = -5*g(p) + 2*h(p). Is s(x) prime?
False
Suppose -13399 = -8*j + 42278 + 29675. Is j a prime number?
False
Let u(g) = g**2 + 31*g + 1103465. Let j be u(0). Suppose 58*n - 3*n - j = 0. Is n composite?
False
Let q(k) = 30*k**2 - 22*k + 105. Is q(-47) a composite number?
False
Let z = 9 - 6. Suppose -11*y + 43330 = z*y. Is y a prime number?
False
Let w = -71770 - -147977. Is w composite?
False
Is ((-34048)/7 - -3)/((-6)/18) prime?
False
Is ((-97192190)/(-90) - -4) + 16/(-72) a prime number?
True
Let m(t) = t**2 + t - 1. Let o(h) = h**2 - 2*h + 70. Let u(c) = 3*m(c) + o(c). Is u(8) prime?
True
Suppose 6 = -17*f + 125. Suppose -f*p - 3*p + 10390 = 0. Is p prime?
True
Let g(n) = -42*n**2 + 13*n - 85. Let t(x) = -85*x**2 + 27*x - 173. Let a(m) = 5*g(m) - 3*t(m). Is a(6) a prime number?
False
Suppose 11*d - 1642 - 3869 = 0. Suppose 7*k = 1585 + d. Is k a composite number?
True
Suppose 6*m - 2*m - 12 = 4*u, -15 = 5*u + m. Let c be (-27)/9 + (-4)/u*6. Suppose 815 = 4*t - c*b + 161, 3*t - 477 = -3*b. Is t a composite number?
True
Suppose 14*a = 27 + 1. Suppose 0 = -a*h + 15756 + 10862. Is h composite?
False
Suppose 5*k - 5 = 0, 4*i = -i + k + 2640454. Is i composite?
False
Let x = 200 - -197. Suppose -530 = 4*m + 3*h + 53, m + 5*h = -133. Let s = x - m. Is s a prime number?
False
Suppose 0 = 4*v + 2*n - 246728, 2*n + 35974 = 3*v - 149051. Is v a composite number?
True
Suppose r + 0*b - 19 = -3*b, r + 1 = b. Suppose 3*p - 6 = 4*l - 94, -16 = -r*l. Is (-23488)/p + -2 - 1/(-3) prime?
True
Is (-15)/(30/16) + (-6)/(6/(-175069)) a prime number?
True
Let g(a) = 864*a + 171. Let p(o) = 860*o + 171. Let v(m) = 4*g(m) - 5*p(m). Is v(-7) prime?
True
Let c(o) = 3*o + 34. Let i be c(-7). Suppose -i*d + 29179 = 5597. Is d composite?
True
Let a(i) = -3*i**3 - 17*i**2 + 3*i + 795. Is a(-50) a prime number?
False
Suppose -25303 = 2*h + 2*i + 44435, 174381 = -5*h + 4*i. Is (-1)/3*(h - -82) a prime number?
True
Suppose 4*b = j - 10, 12 - 21 = -2*j - 3*b. Suppose -j*g + 11*g = 5*w + 18255, 0 = -w - 2. Is g prime?
False
Let g = 46267 + 49414. Is g a prime number?
False
Suppose -4*h - 33 = -3*w, 3*w - 2*w + 15 = -3*h. Let n(a) = 26*a**2 + 4*a + 1. Let u be n(h). Let f = u - -856. Is f a composite number?
True
Let j be 155652/(-168) + (-1)/(-2). Is 2/((-44)/(-176) - j/(-3768)) a composite number?
True
Is 44185/1 + 47/((-1081)/138) composite?
False
Let x(a) = -12 - 23*a + 3*a**2 - 28 + 31. Is x(29) composite?
False
Let w(t) = 126*t - 1. Let j be w(-1). Let u = j + 131. Suppose 2712 = 4*z + x, 4*z - 2728 = -u*x - x. Is z a composite number?
False
Suppose 5*g - 320006 = -3*w, 0 = -0*w + 2*w - 5*g - 213329. Is w prime?
False
Let c(k) = 8*k**3 - 22*k**2 - 145*k + 209. Is c(24) prime?
True
Suppose 0 = -1837*l + 1859*l - 286946. Is l a composite number?
False
Is 3491916/42 + ((-3)/(-105))/1*5 prime?
False
Suppose 21*t = 15*t + 280818. Is t a composite number?
True
Let v be 23*((-4)/8*6 - -520). Suppose 13*n + 10*n - v = 0. Is n composite?
True
Suppose -448224 = 41*m - 62*m. Suppose -3*z - m = -35*z. Is z a composite number?
True
Let v(d) = -d**3 - 13*d**2 - 30*d - 15. Let l be v(-12). Suppose l*x = 203*x + 24. Is 6880 - 18/x*2 composite?
False
Let j(c) = -2*c + 15. Let f be j(5). Suppose 3*y - 2*a - 10222 = -2*y, f*y = 4*a + 10214. Let m = -1413 + y. Is m composite?
True
Let l = 269 - 94. Suppose -d - l = 29. Let k = -137 - d. Is k a composite number?
False
Suppose 0 = n - 5*t - 371, 5*t - t + 371 = n. Suppose -13*y = -18 + 5. Is -1*(-3 + y - n) prime?
True
Let c(k) = -k**3 + 11*k**2 - 13. Suppose 4*p + 5*x + 80 = 0, 8*p - 10*p - 38 = 2*x. Is c(p) prime?
False
Suppose -2*i = 631*c - 632*c - 688507, -4*c + 688512 = 2*i. Is i a composite number?
True
Suppose -4102 = 2*v - 3*v + 4*n, 16423 = 4*v - n. Suppose 0 = 533*x - 531*x - v. Is x composite?
False
Let i = 8580 - -38826. Suppose 1135*b = 1129*b + i. Is b a composite number?
False
Let z be 1 + (-10)/12 + 322391/(-642). Let c = z - -1341. Is c composite?
False
Suppose -2*f = 4*w - 2877454, 5*f + 1121*w - 1124*w - 7193531 = 0. Is f a composite number?
True
Let k = 212 - 182. Suppose 2045 = -25*i + k*i. Is i prime?
True
Suppose 0*d + 16*d = 48. Suppose -2*r = d*p - 7*r - 7057, 9424 = 4*p - 3*r. Is p a composite number?
True
Suppose -5*r + 8 = -r. Suppose 2*k = 3*l + 1183, 2*l + 136 = -r*k + 1304. Is k composite?
False
Let a(f) = f**2 - 6*f - 8. Let o be a(6). Let d(s) = -5*s**2 - 38*s + 17. Let u be d(o). Suppose 5*n = -6 + u, 0 = -5*l + 5*n + 1470. Is l a prime number?
True
Let b(s) = -3*s**3 - 27*s**2 - 40*s + 33. Let u(m) = m**2 + 1. Let p(f) = b(f) - 3*u(f). Is p(-17) prime?
True
Suppose -46*p - 14 = -53*p. Suppose 13871 = 3*z + 7*k - 6*k, p*k = 10. Is z prime?
False
Let w be 3 + 20715 + (-12)/(-4). Let k = w - 10744. Is k a prime number?
False
Let a be (6/4)/(7/(-5362)). Let w = a - -2540. Let u = w - 277. Is u a prime number?
False
Suppose 30*b - 14658331 + 3093195 = 1936874. Is b composite?
False
Let j be 3*-2*85/30. Let c(f) = -129*f - 14. Is c(j) a composite number?
False
Let c = 157335 - 74240. Is c prime?
False
Let l = 6109 - 11454. Let h = 8958 + l. Is h prime?
True
Suppose 12*m - 16*m + 8 = 5*z, 3*z + 4 = 2*m. Suppose h + 5*a = 2832, z = h - 2*a - a - 2872. Is h a composite number?
False
Suppose 5*l = -p + 201386, -4*l + 48*p = 45*p - 161105. Is l composite?
False
Let w(h) = -2*h**3 + 15*h**2 - 7*h + 5. Let p be w(7). Is (18/(-30))/(p - (-301578)/(-60315)) a prime number?
False
Suppose -13*a + 3*u = -8*a, -5*a + 30 = 3*u. Suppose j - 4682 = -a*y, 3*j = -0*j + 4*y + 14033. Is j prime?
True
Let i(u) = 27*u**2 - u - 29. Let p be (-27)/36*(26/(-6) - 1). Suppose -n = -p*b + 3*b + 16, -n - 4*b - 1 = 0. Is i(n) a prime number?
True
Let v(b) = 29*b + 42 + 15*b**2 + 2*b**2 + 21*b - 58*b. Is v(5) composite?
True
Let y(d) = -d**2 - 42*d - 102. Let m be y(-19). Suppose -m = -7*z + 659. Is z a composite number?
True
Let k be (-2)/((-5)/30*3). Suppose -d = 2*r, k*r = 3*r - 2. Suppose -d*b + 4132 = u - 1390, -8 = 4*u. Is b a prime number?
True
Let d = -117 + 121. Is ((-76792)/(-16) + -1)*d/6 prime?
False
Suppose 3*y + 27928 = 4*o, -2*o = -o + 2*y - 6993. Let u = -4118 + o. Is u a composite number?
True
Suppose -16*r - 9156720 = -270*r + 1543538. Is r prime?
False
Suppose 0 = 6*u + 10*u - 64. Suppose 3*a - u*g = 22219, 7*a - 2*a = -g + 37024. Is a composite?
True
Suppose -443*f + 35640655 + 3373912 = 0. Is f prime?
True
Let u(r) = 9*r**3 + 3*r**2 + r - 1. Let v be u(-2). Is 0 + (-18889)/(-9) + (-14)/v a composite number?
False
Suppose -11754 = -440*i + 446*i. Let l = 1180 - i. Is l a composite number?
True
Suppose -313*b = -71*b + 243*b - 495835385. Is b a prime number?
True
Let s(j) = -72 + 15 - 58*j - 2 - 67. Is s(-16) composite?
True
Let x = -24 - -26. Suppose m + f = -x*m + 527, -2*f = 5*m - 880. Suppose 3*w - m = 165. Is w a composite number?
False
Let t = 74076 - 22747. Is t prime?
True
Let i(d) = 5 + 47*d**2 - 4*d**3 - 5*d - 3*d + 14 + 3*d. Is i(9) prime?
False
Is ((-90)/(-135))/(35620/(-1